{"id":2156,"date":"2024-09-20T14:18:00","date_gmt":"2024-09-20T17:18:00","guid":{"rendered":"https:\/\/lulimalabel.com.br\/?post_type=product&#038;p=2156"},"modified":"2025-07-01T23:48:10","modified_gmt":"2025-07-02T02:48:10","slug":"saia-alicia-listrada-amarela","status":"publish","type":"product","link":"https:\/\/br9.kangaroo.srv.br\/~lulimabr\/loja\/saia-alicia-listrada-amarela\/","title":{"rendered":"Saia Alicia Listrada Amarela"},"content":{"rendered":"","protected":false},"excerpt":{"rendered":"<p>Com listras amarelas vibrantes sobre base clara, a Saia Alicia irradia leveza e sofistica\u00e7\u00e3o. O c\u00f3s alto e estruturado valoriza a cintura, enquanto os bot\u00f5es frontais trazem um charme retr\u00f4 \u00e0 silhueta fluida e feminina.<\/p>\n<p>Feita em tecido de alta qualidade, \u00e9 uma pe\u00e7a vers\u00e1til que transita com naturalidade entre o casual e o refinado \u2014 ideal para composi\u00e7\u00f5es leves e contempor\u00e2neas.<\/p>\n<p>Composi\u00e7\u00e3o: 76% algod\u00e3o 20% Poliamida 4% Elastano<\/p>\n<p>Modelo Veste Tamanho PP<\/p>\n","protected":false},"featured_media":2207,"template":"","meta":{"_acf_changed":false,"inline_featured_image":false},"product_brand":[],"product_cat":[137,23,62],"product_tag":[91],"class_list":["post-2156","product","type-product","status-publish","has-post-thumbnail","product_cat-categorias-lu-lima","product_cat-saias","product_cat-outlet","product_tag-colecao-jardim-secreto","first","instock","featured","sold-individually","shipping-taxable","purchasable","product-type-variable"],"acf":[],"yoast_head":"<!-- This site is optimized with the Yoast SEO plugin v25.6 - https:\/\/yoast.com\/wordpress\/plugins\/seo\/ -->\n<title>Saia Alicia Listrada Amarela - Lu Lima Label<\/title>\n<meta name=\"description\" content=\"Saia midi com listras amarelas, c\u00f3s alto e bot\u00f5es frontais. Leve, elegante e vers\u00e1til \u2014 ideal para produ\u00e7\u00f5es casuais e sofisticadas.\" \/>\n<meta name=\"robots\" content=\"noindex, follow, max-snippet:-1, max-image-preview:large, max-video-preview:-1\" \/>\n<meta property=\"og:locale\" content=\"pt_BR\" \/>\n<meta property=\"og:type\" content=\"article\" \/>\n<meta property=\"og:title\" content=\"Saia Alicia Listrada Amarela - Lu Lima Label\" \/>\n<meta property=\"og:description\" content=\"Saia midi com listras amarelas, c\u00f3s alto e bot\u00f5es frontais. Leve, elegante e vers\u00e1til \u2014 ideal para produ\u00e7\u00f5es casuais e sofisticadas.\" \/>\n<meta property=\"og:url\" content=\"https:\/\/br9.kangaroo.srv.br\/~lulimabr\/loja\/saia-alicia-listrada-amarela\/\" \/>\n<meta property=\"og:site_name\" content=\"Lu Lima Label\" \/>\n<meta property=\"article:publisher\" content=\"https:\/\/www.facebook.com\/lulimabrand\" \/>\n<meta property=\"article:modified_time\" content=\"2025-07-02T02:48:10+00:00\" \/>\n<meta property=\"og:image\" content=\"https:\/\/br9.kangaroo.srv.br\/~lulimabr\/wp-content\/uploads\/2024\/09\/LU-LIMA-14.09.245837-scaled.jpg\" \/>\n\t<meta property=\"og:image:width\" content=\"1707\" \/>\n\t<meta property=\"og:image:height\" content=\"2560\" \/>\n\t<meta property=\"og:image:type\" content=\"image\/jpeg\" \/>\n<meta name=\"twitter:card\" content=\"summary_large_image\" \/>\n<meta name=\"twitter:label1\" content=\"Est. tempo de leitura\" \/>\n\t<meta name=\"twitter:data1\" content=\"1 minuto\" \/>\n<script type=\"application\/ld+json\" class=\"yoast-schema-graph\">{\"@context\":\"https:\/\/schema.org\",\"@graph\":[{\"@type\":\"WebPage\",\"@id\":\"https:\/\/br9.kangaroo.srv.br\/~lulimabr\/loja\/saia-alicia-listrada-amarela\/\",\"url\":\"https:\/\/br9.kangaroo.srv.br\/~lulimabr\/loja\/saia-alicia-listrada-amarela\/\",\"name\":\"Saia Alicia Listrada Amarela - Lu Lima Label\",\"isPartOf\":{\"@id\":\"https:\/\/br9.kangaroo.srv.br\/~lulimabr\/#website\"},\"primaryImageOfPage\":{\"@id\":\"https:\/\/br9.kangaroo.srv.br\/~lulimabr\/loja\/saia-alicia-listrada-amarela\/#primaryimage\"},\"image\":{\"@id\":\"https:\/\/br9.kangaroo.srv.br\/~lulimabr\/loja\/saia-alicia-listrada-amarela\/#primaryimage\"},\"thumbnailUrl\":\"https:\/\/br9.kangaroo.srv.br\/~lulimabr\/wp-content\/uploads\/2024\/09\/LU-LIMA-14.09.245837-scaled.jpg\",\"datePublished\":\"2024-09-20T17:18:00+00:00\",\"dateModified\":\"2025-07-02T02:48:10+00:00\",\"description\":\"Saia midi com listras amarelas, c\u00f3s alto e bot\u00f5es frontais. Leve, elegante e vers\u00e1til \u2014 ideal para produ\u00e7\u00f5es casuais e sofisticadas.\",\"breadcrumb\":{\"@id\":\"https:\/\/br9.kangaroo.srv.br\/~lulimabr\/loja\/saia-alicia-listrada-amarela\/#breadcrumb\"},\"inLanguage\":\"pt-BR\",\"potentialAction\":[{\"@type\":\"ReadAction\",\"target\":[\"https:\/\/br9.kangaroo.srv.br\/~lulimabr\/loja\/saia-alicia-listrada-amarela\/\"]}]},{\"@type\":\"ImageObject\",\"inLanguage\":\"pt-BR\",\"@id\":\"https:\/\/br9.kangaroo.srv.br\/~lulimabr\/loja\/saia-alicia-listrada-amarela\/#primaryimage\",\"url\":\"https:\/\/br9.kangaroo.srv.br\/~lulimabr\/wp-content\/uploads\/2024\/09\/LU-LIMA-14.09.245837-scaled.jpg\",\"contentUrl\":\"https:\/\/br9.kangaroo.srv.br\/~lulimabr\/wp-content\/uploads\/2024\/09\/LU-LIMA-14.09.245837-scaled.jpg\",\"width\":1707,\"height\":2560},{\"@type\":\"BreadcrumbList\",\"@id\":\"https:\/\/br9.kangaroo.srv.br\/~lulimabr\/loja\/saia-alicia-listrada-amarela\/#breadcrumb\",\"itemListElement\":[{\"@type\":\"ListItem\",\"position\":1,\"name\":\"In\u00edcio\",\"item\":\"https:\/\/br9.kangaroo.srv.br\/~lulimabr\/\"},{\"@type\":\"ListItem\",\"position\":2,\"name\":\"Loja\",\"item\":\"https:\/\/br9.kangaroo.srv.br\/~lulimabr\/loja\/\"},{\"@type\":\"ListItem\",\"position\":3,\"name\":\"Saia Alicia Listrada Amarela\"}]},{\"@type\":\"WebSite\",\"@id\":\"https:\/\/br9.kangaroo.srv.br\/~lulimabr\/#website\",\"url\":\"https:\/\/br9.kangaroo.srv.br\/~lulimabr\/\",\"name\":\"Lu Lima Label\",\"description\":\"\",\"publisher\":{\"@id\":\"https:\/\/br9.kangaroo.srv.br\/~lulimabr\/#organization\"},\"potentialAction\":[{\"@type\":\"SearchAction\",\"target\":{\"@type\":\"EntryPoint\",\"urlTemplate\":\"https:\/\/br9.kangaroo.srv.br\/~lulimabr\/?s={search_term_string}\"},\"query-input\":{\"@type\":\"PropertyValueSpecification\",\"valueRequired\":true,\"valueName\":\"search_term_string\"}}],\"inLanguage\":\"pt-BR\"},{\"@type\":\"Organization\",\"@id\":\"https:\/\/br9.kangaroo.srv.br\/~lulimabr\/#organization\",\"name\":\"Lu Lima Label\",\"url\":\"https:\/\/br9.kangaroo.srv.br\/~lulimabr\/\",\"logo\":{\"@type\":\"ImageObject\",\"inLanguage\":\"pt-BR\",\"@id\":\"https:\/\/br9.kangaroo.srv.br\/~lulimabr\/#\/schema\/logo\/image\/\",\"url\":\"http:\/\/lulimalabel.com.br\/wp-content\/uploads\/2023\/07\/lulima.png\",\"contentUrl\":\"http:\/\/lulimalabel.com.br\/wp-content\/uploads\/2023\/07\/lulima.png\",\"width\":157,\"height\":45,\"caption\":\"Lu Lima Label\"},\"image\":{\"@id\":\"https:\/\/br9.kangaroo.srv.br\/~lulimabr\/#\/schema\/logo\/image\/\"},\"sameAs\":[\"https:\/\/www.facebook.com\/lulimabrand\",\"https:\/\/www.instagram.com\/lulimabrand\"]}]}<\/script>\n<!-- \/ Yoast SEO plugin. -->","yoast_head_json":{"title":"Saia Alicia Listrada Amarela - Lu Lima Label","description":"Saia midi com listras amarelas, c\u00f3s alto e bot\u00f5es frontais. Leve, elegante e vers\u00e1til \u2014 ideal para produ\u00e7\u00f5es casuais e sofisticadas.","robots":{"index":"noindex","follow":"follow","max-snippet":"max-snippet:-1","max-image-preview":"max-image-preview:large","max-video-preview":"max-video-preview:-1"},"og_locale":"pt_BR","og_type":"article","og_title":"Saia Alicia Listrada Amarela - Lu Lima Label","og_description":"Saia midi com listras amarelas, c\u00f3s alto e bot\u00f5es frontais. Leve, elegante e vers\u00e1til \u2014 ideal para produ\u00e7\u00f5es casuais e sofisticadas.","og_url":"https:\/\/br9.kangaroo.srv.br\/~lulimabr\/loja\/saia-alicia-listrada-amarela\/","og_site_name":"Lu Lima Label","article_publisher":"https:\/\/www.facebook.com\/lulimabrand","article_modified_time":"2025-07-02T02:48:10+00:00","og_image":[{"width":1707,"height":2560,"url":"https:\/\/br9.kangaroo.srv.br\/~lulimabr\/wp-content\/uploads\/2024\/09\/LU-LIMA-14.09.245837-scaled.jpg","type":"image\/jpeg"}],"twitter_card":"summary_large_image","twitter_misc":{"Est. tempo de leitura":"1 minuto"},"schema":{"@context":"https:\/\/schema.org","@graph":[{"@type":"WebPage","@id":"https:\/\/br9.kangaroo.srv.br\/~lulimabr\/loja\/saia-alicia-listrada-amarela\/","url":"https:\/\/br9.kangaroo.srv.br\/~lulimabr\/loja\/saia-alicia-listrada-amarela\/","name":"Saia Alicia Listrada Amarela - Lu Lima Label","isPartOf":{"@id":"https:\/\/br9.kangaroo.srv.br\/~lulimabr\/#website"},"primaryImageOfPage":{"@id":"https:\/\/br9.kangaroo.srv.br\/~lulimabr\/loja\/saia-alicia-listrada-amarela\/#primaryimage"},"image":{"@id":"https:\/\/br9.kangaroo.srv.br\/~lulimabr\/loja\/saia-alicia-listrada-amarela\/#primaryimage"},"thumbnailUrl":"https:\/\/br9.kangaroo.srv.br\/~lulimabr\/wp-content\/uploads\/2024\/09\/LU-LIMA-14.09.245837-scaled.jpg","datePublished":"2024-09-20T17:18:00+00:00","dateModified":"2025-07-02T02:48:10+00:00","description":"Saia midi com listras amarelas, c\u00f3s alto e bot\u00f5es frontais. Leve, elegante e vers\u00e1til \u2014 ideal para produ\u00e7\u00f5es casuais e sofisticadas.","breadcrumb":{"@id":"https:\/\/br9.kangaroo.srv.br\/~lulimabr\/loja\/saia-alicia-listrada-amarela\/#breadcrumb"},"inLanguage":"pt-BR","potentialAction":[{"@type":"ReadAction","target":["https:\/\/br9.kangaroo.srv.br\/~lulimabr\/loja\/saia-alicia-listrada-amarela\/"]}]},{"@type":"ImageObject","inLanguage":"pt-BR","@id":"https:\/\/br9.kangaroo.srv.br\/~lulimabr\/loja\/saia-alicia-listrada-amarela\/#primaryimage","url":"https:\/\/br9.kangaroo.srv.br\/~lulimabr\/wp-content\/uploads\/2024\/09\/LU-LIMA-14.09.245837-scaled.jpg","contentUrl":"https:\/\/br9.kangaroo.srv.br\/~lulimabr\/wp-content\/uploads\/2024\/09\/LU-LIMA-14.09.245837-scaled.jpg","width":1707,"height":2560},{"@type":"BreadcrumbList","@id":"https:\/\/br9.kangaroo.srv.br\/~lulimabr\/loja\/saia-alicia-listrada-amarela\/#breadcrumb","itemListElement":[{"@type":"ListItem","position":1,"name":"In\u00edcio","item":"https:\/\/br9.kangaroo.srv.br\/~lulimabr\/"},{"@type":"ListItem","position":2,"name":"Loja","item":"https:\/\/br9.kangaroo.srv.br\/~lulimabr\/loja\/"},{"@type":"ListItem","position":3,"name":"Saia Alicia Listrada Amarela"}]},{"@type":"WebSite","@id":"https:\/\/br9.kangaroo.srv.br\/~lulimabr\/#website","url":"https:\/\/br9.kangaroo.srv.br\/~lulimabr\/","name":"Lu Lima Label","description":"","publisher":{"@id":"https:\/\/br9.kangaroo.srv.br\/~lulimabr\/#organization"},"potentialAction":[{"@type":"SearchAction","target":{"@type":"EntryPoint","urlTemplate":"https:\/\/br9.kangaroo.srv.br\/~lulimabr\/?s={search_term_string}"},"query-input":{"@type":"PropertyValueSpecification","valueRequired":true,"valueName":"search_term_string"}}],"inLanguage":"pt-BR"},{"@type":"Organization","@id":"https:\/\/br9.kangaroo.srv.br\/~lulimabr\/#organization","name":"Lu Lima Label","url":"https:\/\/br9.kangaroo.srv.br\/~lulimabr\/","logo":{"@type":"ImageObject","inLanguage":"pt-BR","@id":"https:\/\/br9.kangaroo.srv.br\/~lulimabr\/#\/schema\/logo\/image\/","url":"http:\/\/lulimalabel.com.br\/wp-content\/uploads\/2023\/07\/lulima.png","contentUrl":"http:\/\/lulimalabel.com.br\/wp-content\/uploads\/2023\/07\/lulima.png","width":157,"height":45,"caption":"Lu Lima Label"},"image":{"@id":"https:\/\/br9.kangaroo.srv.br\/~lulimabr\/#\/schema\/logo\/image\/"},"sameAs":["https:\/\/www.facebook.com\/lulimabrand","https:\/\/www.instagram.com\/lulimabrand"]}]}},"jetpack_sharing_enabled":true,"_links":{"self":[{"href":"https:\/\/br9.kangaroo.srv.br\/~lulimabr\/wp-json\/wp\/v2\/product\/2156","targetHints":{"allow":["GET"]}}],"collection":[{"href":"https:\/\/br9.kangaroo.srv.br\/~lulimabr\/wp-json\/wp\/v2\/product"}],"about":[{"href":"https:\/\/br9.kangaroo.srv.br\/~lulimabr\/wp-json\/wp\/v2\/types\/product"}],"wp:featuredmedia":[{"embeddable":true,"href":"https:\/\/br9.kangaroo.srv.br\/~lulimabr\/wp-json\/wp\/v2\/media\/2207"}],"wp:attachment":[{"href":"https:\/\/br9.kangaroo.srv.br\/~lulimabr\/wp-json\/wp\/v2\/media?parent=2156"}],"wp:term":[{"taxonomy":"product_brand","embeddable":true,"href":"https:\/\/br9.kangaroo.srv.br\/~lulimabr\/wp-json\/wp\/v2\/product_brand?post=2156"},{"taxonomy":"product_cat","embeddable":true,"href":"https:\/\/br9.kangaroo.srv.br\/~lulimabr\/wp-json\/wp\/v2\/product_cat?post=2156"},{"taxonomy":"product_tag","embeddable":true,"href":"https:\/\/br9.kangaroo.srv.br\/~lulimabr\/wp-json\/wp\/v2\/product_tag?post=2156"}],"curies":[{"name":"wp","href":"https:\/\/api.w.org\/{rel}","templated":true}]}}

<p>Com listras amarelas vibrantes sobre base clara, a Saia Alicia irradia leveza e sofisticação. O cós alto e estruturado valoriza a cintura, enquanto os botões frontais trazem um charme retrô à silhueta fluida e feminina.</p>
<p>Feita em tecido de alta qualidade, é uma peça versátil que transita com naturalidade entre o casual e o refinado — ideal para composições leves e contemporâneas.</p>
<p>Composição: 76% algodão 20% Poliamida 4% Elastano</p>
<p>Modelo Veste Tamanho PP</p>

<!-- This site is optimized with the Yoast SEO plugin v25.6 - https://yoast.com/wordpress/plugins/seo/ -->
<title>Saia Alicia Listrada Amarela - Lu Lima Label</title>
<meta name="description" content="Saia midi com listras amarelas, cós alto e botões frontais. Leve, elegante e versátil — ideal para produções casuais e sofisticadas." />
<meta name="robots" content="noindex, follow, max-snippet:-1, max-image-preview:large, max-video-preview:-1" />
<meta property="og:locale" content="pt_BR" />
<meta property="og:type" content="article" />
<meta property="og:title" content="Saia Alicia Listrada Amarela - Lu Lima Label" />
<meta property="og:description" content="Saia midi com listras amarelas, cós alto e botões frontais. Leve, elegante e versátil — ideal para produções casuais e sofisticadas." />
<meta property="og:url" content="https://br9.kangaroo.srv.br/~lulimabr/loja/saia-alicia-listrada-amarela/" />
<meta property="og:site_name" content="Lu Lima Label" />
<meta property="article:publisher" content="https://www.facebook.com/lulimabrand" />
<meta property="article:modified_time" content="2025-07-02T02:48:10+00:00" />
<meta property="og:image" content="https://br9.kangaroo.srv.br/~lulimabr/wp-content/uploads/2024/09/LU-LIMA-14.09.245837-scaled.jpg" />
	<meta property="og:image:width" content="1707" />
	<meta property="og:image:height" content="2560" />
	<meta property="og:image:type" content="image/jpeg" />
<meta name="twitter:card" content="summary_large_image" />
<meta name="twitter:label1" content="Est. tempo de leitura" />
	<meta name="twitter:data1" content="1 minuto" />
<script type="application/ld+json" class="yoast-schema-graph">{"@context":"https://schema.org","@graph":[{"@type":"WebPage","@id":"https://br9.kangaroo.srv.br/~lulimabr/loja/saia-alicia-listrada-amarela/","url":"https://br9.kangaroo.srv.br/~lulimabr/loja/saia-alicia-listrada-amarela/","name":"Saia Alicia Listrada Amarela - Lu Lima Label","isPartOf":{"@id":"https://br9.kangaroo.srv.br/~lulimabr/#website"},"primaryImageOfPage":{"@id":"https://br9.kangaroo.srv.br/~lulimabr/loja/saia-alicia-listrada-amarela/#primaryimage"},"image":{"@id":"https://br9.kangaroo.srv.br/~lulimabr/loja/saia-alicia-listrada-amarela/#primaryimage"},"thumbnailUrl":"https://br9.kangaroo.srv.br/~lulimabr/wp-content/uploads/2024/09/LU-LIMA-14.09.245837-scaled.jpg","datePublished":"2024-09-20T17:18:00+00:00","dateModified":"2025-07-02T02:48:10+00:00","description":"Saia midi com listras amarelas, cós alto e botões frontais. Leve, elegante e versátil — ideal para produções casuais e sofisticadas.","breadcrumb":{"@id":"https://br9.kangaroo.srv.br/~lulimabr/loja/saia-alicia-listrada-amarela/#breadcrumb"},"inLanguage":"pt-BR","potentialAction":[{"@type":"ReadAction","target":["https://br9.kangaroo.srv.br/~lulimabr/loja/saia-alicia-listrada-amarela/"]}]},{"@type":"ImageObject","inLanguage":"pt-BR","@id":"https://br9.kangaroo.srv.br/~lulimabr/loja/saia-alicia-listrada-amarela/#primaryimage","url":"https://br9.kangaroo.srv.br/~lulimabr/wp-content/uploads/2024/09/LU-LIMA-14.09.245837-scaled.jpg","contentUrl":"https://br9.kangaroo.srv.br/~lulimabr/wp-content/uploads/2024/09/LU-LIMA-14.09.245837-scaled.jpg","width":1707,"height":2560},{"@type":"BreadcrumbList","@id":"https://br9.kangaroo.srv.br/~lulimabr/loja/saia-alicia-listrada-amarela/#breadcrumb","itemListElement":[{"@type":"ListItem","position":1,"name":"Início","item":"https://br9.kangaroo.srv.br/~lulimabr/"},{"@type":"ListItem","position":2,"name":"Loja","item":"https://br9.kangaroo.srv.br/~lulimabr/loja/"},{"@type":"ListItem","position":3,"name":"Saia Alicia Listrada Amarela"}]},{"@type":"WebSite","@id":"https://br9.kangaroo.srv.br/~lulimabr/#website","url":"https://br9.kangaroo.srv.br/~lulimabr/","name":"Lu Lima Label","description":"","publisher":{"@id":"https://br9.kangaroo.srv.br/~lulimabr/#organization"},"potentialAction":[{"@type":"SearchAction","target":{"@type":"EntryPoint","urlTemplate":"https://br9.kangaroo.srv.br/~lulimabr/?s={search_term_string}"},"query-input":{"@type":"PropertyValueSpecification","valueRequired":true,"valueName":"search_term_string"}}],"inLanguage":"pt-BR"},{"@type":"Organization","@id":"https://br9.kangaroo.srv.br/~lulimabr/#organization","name":"Lu Lima Label","url":"https://br9.kangaroo.srv.br/~lulimabr/","logo":{"@type":"ImageObject","inLanguage":"pt-BR","@id":"https://br9.kangaroo.srv.br/~lulimabr/#/schema/logo/image/","url":"http://lulimalabel.com.br/wp-content/uploads/2023/07/lulima.png","contentUrl":"http://lulimalabel.com.br/wp-content/uploads/2023/07/lulima.png","width":157,"height":45,"caption":"Lu Lima Label"},"image":{"@id":"https://br9.kangaroo.srv.br/~lulimabr/#/schema/logo/image/"},"sameAs":["https://www.facebook.com/lulimabrand","https://www.instagram.com/lulimabrand"]}]}</script>
<!-- / Yoast SEO plugin. -->

Saia midi com listras amarelas, cós alto e botões frontais. Leve, elegante e versátil — ideal para produções casuais e sofisticadas.

Início
