{"id":2739,"date":"2025-04-16T15:35:44","date_gmt":"2025-04-16T18:35:44","guid":{"rendered":"https:\/\/lulimalabel.com.br\/?post_type=product&#038;p=2739"},"modified":"2025-07-23T08:16:51","modified_gmt":"2025-07-23T11:16:51","slug":"vestido-sara","status":"publish","type":"product","link":"https:\/\/br9.kangaroo.srv.br\/~lulimabr\/loja\/vestido-sara\/","title":{"rendered":"Vestido Sara"},"content":{"rendered":"","protected":false},"excerpt":{"rendered":"<p>O Vestido Sara \u00e9 feito em tecido de poli\u00e9ster com estampa listrada em preto e branco, unindo caimento leve com estrutura marcante. De comprimento longo e mangas que ultrapassam levemente os cotovelos, combina fluidez com presen\u00e7a.<\/p>\n<p>A modelagem limpa e os recortes estrat\u00e9gicos destacam a silhueta com eleg\u00e2ncia e modernidade. Uma pe\u00e7a vers\u00e1til, ideal para ocasi\u00f5es urbanas, eventos diurnos ou jantares especiais.<\/p>\n<p>Composi\u00e7\u00e3o: 100% poliester<\/p>\n<p>Modelo Veste PP<\/p>\n","protected":false},"featured_media":3531,"template":"","meta":{"_acf_changed":false,"inline_featured_image":false},"product_brand":[],"product_cat":[137,16,29],"product_tag":[95,103],"class_list":["post-2739","product","type-product","status-publish","has-post-thumbnail","product_cat-categorias-lu-lima","product_cat-novidades","product_cat-vestidos","product_tag-cobogo","product_tag-new-in","first","instock","shipping-taxable","purchasable","product-type-variable"],"acf":[],"yoast_head":"<!-- This site is optimized with the Yoast SEO plugin v25.6 - https:\/\/yoast.com\/wordpress\/plugins\/seo\/ -->\n<title>Vestido Sara - Lu Lima Label<\/title>\n<meta name=\"description\" content=\"Vestido Sara longo com listras em preto e branco, caimento leve e mangas alongadas. Eleg\u00e2ncia fluida para eventos diurnos, urbanos ou jantares especiais.\" \/>\n<meta name=\"robots\" content=\"noindex, follow, max-snippet:-1, max-image-preview:large, max-video-preview:-1\" \/>\n<meta property=\"og:locale\" content=\"pt_BR\" \/>\n<meta property=\"og:type\" content=\"article\" \/>\n<meta property=\"og:title\" content=\"Vestido Sara - Lu Lima Label\" \/>\n<meta property=\"og:description\" content=\"Vestido Sara longo com listras em preto e branco, caimento leve e mangas alongadas. Eleg\u00e2ncia fluida para eventos diurnos, urbanos ou jantares especiais.\" \/>\n<meta property=\"og:url\" content=\"https:\/\/br9.kangaroo.srv.br\/~lulimabr\/loja\/vestido-sara\/\" \/>\n<meta property=\"og:site_name\" content=\"Lu Lima Label\" \/>\n<meta property=\"article:publisher\" content=\"https:\/\/www.facebook.com\/lulimabrand\" \/>\n<meta property=\"article:modified_time\" content=\"2025-07-23T11:16:51+00:00\" \/>\n<meta property=\"og:image\" content=\"https:\/\/br9.kangaroo.srv.br\/~lulimabr\/wp-content\/uploads\/2025\/04\/Foto_-8557-2.png\" \/>\n\t<meta property=\"og:image:width\" content=\"1500\" \/>\n\t<meta property=\"og:image:height\" content=\"1500\" \/>\n\t<meta property=\"og:image:type\" content=\"image\/png\" \/>\n<meta name=\"twitter:card\" content=\"summary_large_image\" \/>\n<script type=\"application\/ld+json\" class=\"yoast-schema-graph\">{\"@context\":\"https:\/\/schema.org\",\"@graph\":[{\"@type\":\"WebPage\",\"@id\":\"https:\/\/br9.kangaroo.srv.br\/~lulimabr\/loja\/vestido-sara\/\",\"url\":\"https:\/\/br9.kangaroo.srv.br\/~lulimabr\/loja\/vestido-sara\/\",\"name\":\"Vestido Sara - Lu Lima Label\",\"isPartOf\":{\"@id\":\"https:\/\/br9.kangaroo.srv.br\/~lulimabr\/#website\"},\"primaryImageOfPage\":{\"@id\":\"https:\/\/br9.kangaroo.srv.br\/~lulimabr\/loja\/vestido-sara\/#primaryimage\"},\"image\":{\"@id\":\"https:\/\/br9.kangaroo.srv.br\/~lulimabr\/loja\/vestido-sara\/#primaryimage\"},\"thumbnailUrl\":\"https:\/\/br9.kangaroo.srv.br\/~lulimabr\/wp-content\/uploads\/2025\/04\/Foto_-8557-2.png\",\"datePublished\":\"2025-04-16T18:35:44+00:00\",\"dateModified\":\"2025-07-23T11:16:51+00:00\",\"description\":\"Vestido Sara longo com listras em preto e branco, caimento leve e mangas alongadas. Eleg\u00e2ncia fluida para eventos diurnos, urbanos ou jantares especiais.\",\"breadcrumb\":{\"@id\":\"https:\/\/br9.kangaroo.srv.br\/~lulimabr\/loja\/vestido-sara\/#breadcrumb\"},\"inLanguage\":\"pt-BR\",\"potentialAction\":[{\"@type\":\"ReadAction\",\"target\":[\"https:\/\/br9.kangaroo.srv.br\/~lulimabr\/loja\/vestido-sara\/\"]}]},{\"@type\":\"ImageObject\",\"inLanguage\":\"pt-BR\",\"@id\":\"https:\/\/br9.kangaroo.srv.br\/~lulimabr\/loja\/vestido-sara\/#primaryimage\",\"url\":\"https:\/\/br9.kangaroo.srv.br\/~lulimabr\/wp-content\/uploads\/2025\/04\/Foto_-8557-2.png\",\"contentUrl\":\"https:\/\/br9.kangaroo.srv.br\/~lulimabr\/wp-content\/uploads\/2025\/04\/Foto_-8557-2.png\",\"width\":1500,\"height\":1500},{\"@type\":\"BreadcrumbList\",\"@id\":\"https:\/\/br9.kangaroo.srv.br\/~lulimabr\/loja\/vestido-sara\/#breadcrumb\",\"itemListElement\":[{\"@type\":\"ListItem\",\"position\":1,\"name\":\"In\u00edcio\",\"item\":\"https:\/\/br9.kangaroo.srv.br\/~lulimabr\/\"},{\"@type\":\"ListItem\",\"position\":2,\"name\":\"Loja\",\"item\":\"https:\/\/br9.kangaroo.srv.br\/~lulimabr\/loja\/\"},{\"@type\":\"ListItem\",\"position\":3,\"name\":\"Vestido Sara\"}]},{\"@type\":\"WebSite\",\"@id\":\"https:\/\/br9.kangaroo.srv.br\/~lulimabr\/#website\",\"url\":\"https:\/\/br9.kangaroo.srv.br\/~lulimabr\/\",\"name\":\"Lu Lima Label\",\"description\":\"\",\"publisher\":{\"@id\":\"https:\/\/br9.kangaroo.srv.br\/~lulimabr\/#organization\"},\"potentialAction\":[{\"@type\":\"SearchAction\",\"target\":{\"@type\":\"EntryPoint\",\"urlTemplate\":\"https:\/\/br9.kangaroo.srv.br\/~lulimabr\/?s={search_term_string}\"},\"query-input\":{\"@type\":\"PropertyValueSpecification\",\"valueRequired\":true,\"valueName\":\"search_term_string\"}}],\"inLanguage\":\"pt-BR\"},{\"@type\":\"Organization\",\"@id\":\"https:\/\/br9.kangaroo.srv.br\/~lulimabr\/#organization\",\"name\":\"Lu Lima Label\",\"url\":\"https:\/\/br9.kangaroo.srv.br\/~lulimabr\/\",\"logo\":{\"@type\":\"ImageObject\",\"inLanguage\":\"pt-BR\",\"@id\":\"https:\/\/br9.kangaroo.srv.br\/~lulimabr\/#\/schema\/logo\/image\/\",\"url\":\"http:\/\/lulimalabel.com.br\/wp-content\/uploads\/2023\/07\/lulima.png\",\"contentUrl\":\"http:\/\/lulimalabel.com.br\/wp-content\/uploads\/2023\/07\/lulima.png\",\"width\":157,\"height\":45,\"caption\":\"Lu Lima Label\"},\"image\":{\"@id\":\"https:\/\/br9.kangaroo.srv.br\/~lulimabr\/#\/schema\/logo\/image\/\"},\"sameAs\":[\"https:\/\/www.facebook.com\/lulimabrand\",\"https:\/\/www.instagram.com\/lulimabrand\"]}]}<\/script>\n<!-- \/ Yoast SEO plugin. -->","yoast_head_json":{"title":"Vestido Sara - Lu Lima Label","description":"Vestido Sara longo com listras em preto e branco, caimento leve e mangas alongadas. Eleg\u00e2ncia fluida para eventos diurnos, urbanos ou jantares especiais.","robots":{"index":"noindex","follow":"follow","max-snippet":"max-snippet:-1","max-image-preview":"max-image-preview:large","max-video-preview":"max-video-preview:-1"},"og_locale":"pt_BR","og_type":"article","og_title":"Vestido Sara - Lu Lima Label","og_description":"Vestido Sara longo com listras em preto e branco, caimento leve e mangas alongadas. Eleg\u00e2ncia fluida para eventos diurnos, urbanos ou jantares especiais.","og_url":"https:\/\/br9.kangaroo.srv.br\/~lulimabr\/loja\/vestido-sara\/","og_site_name":"Lu Lima Label","article_publisher":"https:\/\/www.facebook.com\/lulimabrand","article_modified_time":"2025-07-23T11:16:51+00:00","og_image":[{"width":1500,"height":1500,"url":"https:\/\/br9.kangaroo.srv.br\/~lulimabr\/wp-content\/uploads\/2025\/04\/Foto_-8557-2.png","type":"image\/png"}],"twitter_card":"summary_large_image","schema":{"@context":"https:\/\/schema.org","@graph":[{"@type":"WebPage","@id":"https:\/\/br9.kangaroo.srv.br\/~lulimabr\/loja\/vestido-sara\/","url":"https:\/\/br9.kangaroo.srv.br\/~lulimabr\/loja\/vestido-sara\/","name":"Vestido Sara - Lu Lima Label","isPartOf":{"@id":"https:\/\/br9.kangaroo.srv.br\/~lulimabr\/#website"},"primaryImageOfPage":{"@id":"https:\/\/br9.kangaroo.srv.br\/~lulimabr\/loja\/vestido-sara\/#primaryimage"},"image":{"@id":"https:\/\/br9.kangaroo.srv.br\/~lulimabr\/loja\/vestido-sara\/#primaryimage"},"thumbnailUrl":"https:\/\/br9.kangaroo.srv.br\/~lulimabr\/wp-content\/uploads\/2025\/04\/Foto_-8557-2.png","datePublished":"2025-04-16T18:35:44+00:00","dateModified":"2025-07-23T11:16:51+00:00","description":"Vestido Sara longo com listras em preto e branco, caimento leve e mangas alongadas. Eleg\u00e2ncia fluida para eventos diurnos, urbanos ou jantares especiais.","breadcrumb":{"@id":"https:\/\/br9.kangaroo.srv.br\/~lulimabr\/loja\/vestido-sara\/#breadcrumb"},"inLanguage":"pt-BR","potentialAction":[{"@type":"ReadAction","target":["https:\/\/br9.kangaroo.srv.br\/~lulimabr\/loja\/vestido-sara\/"]}]},{"@type":"ImageObject","inLanguage":"pt-BR","@id":"https:\/\/br9.kangaroo.srv.br\/~lulimabr\/loja\/vestido-sara\/#primaryimage","url":"https:\/\/br9.kangaroo.srv.br\/~lulimabr\/wp-content\/uploads\/2025\/04\/Foto_-8557-2.png","contentUrl":"https:\/\/br9.kangaroo.srv.br\/~lulimabr\/wp-content\/uploads\/2025\/04\/Foto_-8557-2.png","width":1500,"height":1500},{"@type":"BreadcrumbList","@id":"https:\/\/br9.kangaroo.srv.br\/~lulimabr\/loja\/vestido-sara\/#breadcrumb","itemListElement":[{"@type":"ListItem","position":1,"name":"In\u00edcio","item":"https:\/\/br9.kangaroo.srv.br\/~lulimabr\/"},{"@type":"ListItem","position":2,"name":"Loja","item":"https:\/\/br9.kangaroo.srv.br\/~lulimabr\/loja\/"},{"@type":"ListItem","position":3,"name":"Vestido Sara"}]},{"@type":"WebSite","@id":"https:\/\/br9.kangaroo.srv.br\/~lulimabr\/#website","url":"https:\/\/br9.kangaroo.srv.br\/~lulimabr\/","name":"Lu Lima Label","description":"","publisher":{"@id":"https:\/\/br9.kangaroo.srv.br\/~lulimabr\/#organization"},"potentialAction":[{"@type":"SearchAction","target":{"@type":"EntryPoint","urlTemplate":"https:\/\/br9.kangaroo.srv.br\/~lulimabr\/?s={search_term_string}"},"query-input":{"@type":"PropertyValueSpecification","valueRequired":true,"valueName":"search_term_string"}}],"inLanguage":"pt-BR"},{"@type":"Organization","@id":"https:\/\/br9.kangaroo.srv.br\/~lulimabr\/#organization","name":"Lu Lima Label","url":"https:\/\/br9.kangaroo.srv.br\/~lulimabr\/","logo":{"@type":"ImageObject","inLanguage":"pt-BR","@id":"https:\/\/br9.kangaroo.srv.br\/~lulimabr\/#\/schema\/logo\/image\/","url":"http:\/\/lulimalabel.com.br\/wp-content\/uploads\/2023\/07\/lulima.png","contentUrl":"http:\/\/lulimalabel.com.br\/wp-content\/uploads\/2023\/07\/lulima.png","width":157,"height":45,"caption":"Lu Lima Label"},"image":{"@id":"https:\/\/br9.kangaroo.srv.br\/~lulimabr\/#\/schema\/logo\/image\/"},"sameAs":["https:\/\/www.facebook.com\/lulimabrand","https:\/\/www.instagram.com\/lulimabrand"]}]}},"jetpack_sharing_enabled":true,"_links":{"self":[{"href":"https:\/\/br9.kangaroo.srv.br\/~lulimabr\/wp-json\/wp\/v2\/product\/2739","targetHints":{"allow":["GET"]}}],"collection":[{"href":"https:\/\/br9.kangaroo.srv.br\/~lulimabr\/wp-json\/wp\/v2\/product"}],"about":[{"href":"https:\/\/br9.kangaroo.srv.br\/~lulimabr\/wp-json\/wp\/v2\/types\/product"}],"wp:featuredmedia":[{"embeddable":true,"href":"https:\/\/br9.kangaroo.srv.br\/~lulimabr\/wp-json\/wp\/v2\/media\/3531"}],"wp:attachment":[{"href":"https:\/\/br9.kangaroo.srv.br\/~lulimabr\/wp-json\/wp\/v2\/media?parent=2739"}],"wp:term":[{"taxonomy":"product_brand","embeddable":true,"href":"https:\/\/br9.kangaroo.srv.br\/~lulimabr\/wp-json\/wp\/v2\/product_brand?post=2739"},{"taxonomy":"product_cat","embeddable":true,"href":"https:\/\/br9.kangaroo.srv.br\/~lulimabr\/wp-json\/wp\/v2\/product_cat?post=2739"},{"taxonomy":"product_tag","embeddable":true,"href":"https:\/\/br9.kangaroo.srv.br\/~lulimabr\/wp-json\/wp\/v2\/product_tag?post=2739"}],"curies":[{"name":"wp","href":"https:\/\/api.w.org\/{rel}","templated":true}]}}

<p>O Vestido Sara é feito em tecido de poliéster com estampa listrada em preto e branco, unindo caimento leve com estrutura marcante. De comprimento longo e mangas que ultrapassam levemente os cotovelos, combina fluidez com presença.</p>
<p>A modelagem limpa e os recortes estratégicos destacam a silhueta com elegância e modernidade. Uma peça versátil, ideal para ocasiões urbanas, eventos diurnos ou jantares especiais.</p>
<p>Composição: 100% poliester</p>
<p>Modelo Veste PP</p>

<!-- This site is optimized with the Yoast SEO plugin v25.6 - https://yoast.com/wordpress/plugins/seo/ -->
<title>Vestido Sara - Lu Lima Label</title>
<meta name="description" content="Vestido Sara longo com listras em preto e branco, caimento leve e mangas alongadas. Elegância fluida para eventos diurnos, urbanos ou jantares especiais." />
<meta name="robots" content="noindex, follow, max-snippet:-1, max-image-preview:large, max-video-preview:-1" />
<meta property="og:locale" content="pt_BR" />
<meta property="og:type" content="article" />
<meta property="og:title" content="Vestido Sara - Lu Lima Label" />
<meta property="og:description" content="Vestido Sara longo com listras em preto e branco, caimento leve e mangas alongadas. Elegância fluida para eventos diurnos, urbanos ou jantares especiais." />
<meta property="og:url" content="https://br9.kangaroo.srv.br/~lulimabr/loja/vestido-sara/" />
<meta property="og:site_name" content="Lu Lima Label" />
<meta property="article:publisher" content="https://www.facebook.com/lulimabrand" />
<meta property="article:modified_time" content="2025-07-23T11:16:51+00:00" />
<meta property="og:image" content="https://br9.kangaroo.srv.br/~lulimabr/wp-content/uploads/2025/04/Foto_-8557-2.png" />
	<meta property="og:image:width" content="1500" />
	<meta property="og:image:height" content="1500" />
	<meta property="og:image:type" content="image/png" />
<meta name="twitter:card" content="summary_large_image" />
<script type="application/ld+json" class="yoast-schema-graph">{"@context":"https://schema.org","@graph":[{"@type":"WebPage","@id":"https://br9.kangaroo.srv.br/~lulimabr/loja/vestido-sara/","url":"https://br9.kangaroo.srv.br/~lulimabr/loja/vestido-sara/","name":"Vestido Sara - Lu Lima Label","isPartOf":{"@id":"https://br9.kangaroo.srv.br/~lulimabr/#website"},"primaryImageOfPage":{"@id":"https://br9.kangaroo.srv.br/~lulimabr/loja/vestido-sara/#primaryimage"},"image":{"@id":"https://br9.kangaroo.srv.br/~lulimabr/loja/vestido-sara/#primaryimage"},"thumbnailUrl":"https://br9.kangaroo.srv.br/~lulimabr/wp-content/uploads/2025/04/Foto_-8557-2.png","datePublished":"2025-04-16T18:35:44+00:00","dateModified":"2025-07-23T11:16:51+00:00","description":"Vestido Sara longo com listras em preto e branco, caimento leve e mangas alongadas. Elegância fluida para eventos diurnos, urbanos ou jantares especiais.","breadcrumb":{"@id":"https://br9.kangaroo.srv.br/~lulimabr/loja/vestido-sara/#breadcrumb"},"inLanguage":"pt-BR","potentialAction":[{"@type":"ReadAction","target":["https://br9.kangaroo.srv.br/~lulimabr/loja/vestido-sara/"]}]},{"@type":"ImageObject","inLanguage":"pt-BR","@id":"https://br9.kangaroo.srv.br/~lulimabr/loja/vestido-sara/#primaryimage","url":"https://br9.kangaroo.srv.br/~lulimabr/wp-content/uploads/2025/04/Foto_-8557-2.png","contentUrl":"https://br9.kangaroo.srv.br/~lulimabr/wp-content/uploads/2025/04/Foto_-8557-2.png","width":1500,"height":1500},{"@type":"BreadcrumbList","@id":"https://br9.kangaroo.srv.br/~lulimabr/loja/vestido-sara/#breadcrumb","itemListElement":[{"@type":"ListItem","position":1,"name":"Início","item":"https://br9.kangaroo.srv.br/~lulimabr/"},{"@type":"ListItem","position":2,"name":"Loja","item":"https://br9.kangaroo.srv.br/~lulimabr/loja/"},{"@type":"ListItem","position":3,"name":"Vestido Sara"}]},{"@type":"WebSite","@id":"https://br9.kangaroo.srv.br/~lulimabr/#website","url":"https://br9.kangaroo.srv.br/~lulimabr/","name":"Lu Lima Label","description":"","publisher":{"@id":"https://br9.kangaroo.srv.br/~lulimabr/#organization"},"potentialAction":[{"@type":"SearchAction","target":{"@type":"EntryPoint","urlTemplate":"https://br9.kangaroo.srv.br/~lulimabr/?s={search_term_string}"},"query-input":{"@type":"PropertyValueSpecification","valueRequired":true,"valueName":"search_term_string"}}],"inLanguage":"pt-BR"},{"@type":"Organization","@id":"https://br9.kangaroo.srv.br/~lulimabr/#organization","name":"Lu Lima Label","url":"https://br9.kangaroo.srv.br/~lulimabr/","logo":{"@type":"ImageObject","inLanguage":"pt-BR","@id":"https://br9.kangaroo.srv.br/~lulimabr/#/schema/logo/image/","url":"http://lulimalabel.com.br/wp-content/uploads/2023/07/lulima.png","contentUrl":"http://lulimalabel.com.br/wp-content/uploads/2023/07/lulima.png","width":157,"height":45,"caption":"Lu Lima Label"},"image":{"@id":"https://br9.kangaroo.srv.br/~lulimabr/#/schema/logo/image/"},"sameAs":["https://www.facebook.com/lulimabrand","https://www.instagram.com/lulimabrand"]}]}</script>
<!-- / Yoast SEO plugin. -->

Vestido Sara longo com listras em preto e branco, caimento leve e mangas alongadas. Elegância fluida para eventos diurnos, urbanos ou jantares especiais.

Início
